eatest common divisor of p and 20?
4
Let z(j) = 35*j**2 - 28*j - 75. Let n be z(-3). What is the highest common divisor of n and 4?
4
Let u = -22 - -29. Suppose 3*c = -2*g - 2, -5*c = g + u + 1. Suppose -2*m + 172 = g*m. What is the highest common factor of 86 and m?
43
Let x = 2 + -2. Suppose 12 = 4*h - h - 3*n, x = -3*n. Suppose 0*v + 4*s - 30 = -2*v, 3*v + h*s - 35 = 0. What is the greatest common divisor of 45 and v?
5
Let p(i) = -15*i. Let o(b) = 8*b. Let r(x) = -5*o(x) - 3*p(x). Let m be r(-4). Let t = -7 - m. Calculate the highest common divisor of t and 13.
13
Let z(u) = -u**3 - 3*u**2 + u + 10. Let b be z(-6). Let i(p) = -14*p**3 - p**2 - 2*p - 1. Let t be i(-1). What is the highest common factor of b and t?
14
Suppose 43 + 20 = 9*q. What is the greatest common factor of 2 and q?
1
Let j(a) = -a**3 - 12*a**2 + 22*a + 7. Let i be j(-14). What is the greatest common factor of 26 and i?
13
Let v = -324 - -329. Calculate the greatest common factor of 5 and v.
5
Let i(d) = d**3 + 7*d**2 + 5*d + 3. Let n be i(-3). Let p be 101 + -10*2/4. Calculate the greatest common factor of n and p.
24
Let r be 23/(-46)*(1 + 1). Let g be (4 + r*14)*-1. Let h be (g/(-14))/((-6)/42). Calculate the greatest common divisor of 5 and h.
5
Let u = -59 - -19. Let w be (16/u)/((-2)/60). Calculate the greatest common factor of w and 24.
12
Let v be (24 + -25)*(-204 + 3). Calculate the greatest common factor of 268 and v.
67
Suppose -17 = -c - 0*c. Let w = -1720 - -1805. Calculate the greatest common divisor of w and c.
17
Let f(p) = p**3 - 8*p**2 - 10*p + 7. Let q be f(9). Let s = 46 + q. What is the highest common factor of s and 11?
11
Suppose -136 = -20*b + 16*b. Calculate the greatest common factor of b and 85.
17
Suppose 359*x - 5400 = 350*x. What is the highest common factor of 24 and x?
24
Suppose 0*o - 5*o + 25 = 0. Let m(y) = 16*y + 53. Let i be m(-3). What is the highest common factor of o and i?
5
Suppose 3*k = -3*b + 1305, 3*k - 233 = 5*b + 1048. Calculate the greatest common divisor of k and 27.
27
Let k be 186/(-4 + 10) - 1. Calculate the greatest common divisor of 960 and k.
30
Suppose -r + 366 - 2198 = -3*i, 3*r + 1219 = 2*i. What is the highest common factor of 47 and i?
47
Let j(u) = -u**3 - 10*u**2 - 20*u - 4. Let t be j(-10). Suppose 28*z = 26*z + t. Calculate the greatest common divisor of z and 14.
14
Let g = 476 + -336. Let p(y) = -y**2 - 5*y + 86. Let o be p(6). Calculate the highest common factor of o and g.
20
Suppose -15*t - 240 = -31*t. Calculate the greatest common factor of 15 and t.
15
Let m be (444/10)/(36/2280). Calculate the greatest common divisor of 76 and m.
76
Let l = -330 + 420. Calculate the highest common divisor of 495 and l.
45
Let z = -273 - -348. What is the greatest common factor of z and 135?
15
Suppose -5*z - 3*b + 201 = 0, 36 = -5*z + 5*b + 261. Calculate the highest common divisor of 546 and z.
42
Suppose -7*a + 16176 = 5025. Calculate the greatest common divisor of a and 27.
27
Let f(c) = c**3 + 7*c**2 + 8. Suppose 0 = -0*p + 3*p + 21. Let q be f(p). What is the highest common factor of q and 20?
4
Suppose -2*s + 68 + 76 = 0. Calculate the greatest common divisor of 8 and s.
8
Suppose 4*n + 2*b = 166 + 240, -n + 89 = -2*b. Calculate the greatest common factor of 11 and n.
11
Suppose 4*w = -7*f + 2*f + 756, f = 2*w + 154. Let r(i) = 4*i**3 - 7*i**2 - 4*i - 14. Let t be r(3). Calculate the greatest common divisor of t and f.
19
Let c = 1912 + -1480. Calculate the greatest common divisor of 24 and c.
24
Let m(s) = 10*s**2 - s - 4. Let l be m(-4). Let y be (-12)/(-6 - 0)*-1*3. Let v(c) = -c + 14. Let f be v(y). What is the greatest common divisor of f and l?
20
Let f(t) = 5*t**2 - 12*t + 24. Let q(d) = 2*d**2 - 4*d + 8. Let j(h) = -3*f(h) + 8*q(h). Let y be j(-8). What is the greatest common divisor of 12 and y?
12
Let y = 28 - -137. Suppose 5*p - 3*x = 104 + 721, 5*x - y = -p. Let h be (-56)/98 - 218/(-14). Calculate the greatest common factor of h and p.
15
Let u be (-144)/42*(-2 - (-180)/(-8)). Suppose 4*s + 115 = -s. Let f be 2/(-4)*(s - 1). What is the highest common factor of u and f?
12
Suppose -27*y + 3276 = -y. What is the greatest common factor of y and 153?
9
Let q(p) = -p**2 - 15*p - 6. Let f be q(-11). Calculate the highest common divisor of 874 and f.
38
Let r(t) = -2*t**3 + 25*t**2 - 6*t - 56. Let m be r(7). Calculate the highest common factor of 81 and m.
9
Let y be (39/6)/(-4*5/(-840)). What is the greatest common factor of 21 and y?
21
Let z(k) = -k**2 + 6*k + 35. Let c be z(8). Let f = 148 + -314. Let h = -71 - f. What is the greatest common factor of c and h?
19
Let p = -28 - -16. Let x be ((-1)/2)/((-6)/p). Let t be (-1)/(-1) - (1 + x). Calculate the greatest common divisor of 7 and t.
1
Let f(c) = c - c - 10*c. Suppose -3*w + 5*w + 4 = 0. Let x be f(w). Calculate the highest common factor of 5 and x.
5
Let u(d) = d - 40. Let b be u(44). What is the highest common factor of b and 356?
4
Suppose 3*u - 2*x = -81, 0*u + 101 = -4*u + 5*x. Let s be 8*(-5)/(-10) - u. What is the greatest common factor of 11 and s?
11
Suppose 4926 = 8*y + 4654. What is the highest common factor of y and 782?
34
Suppose 343 = -3*v + 1783. Suppose -s + 5*s = v. What is the highest common divisor of 15 and s?
15
Suppose 5*d = 2*a - 58, 3*a = -2*a - 5. Let k be ((-12)/(-16))/((-1)/d). Suppose -32 = -6*o + 130. Calculate the greatest common divisor of k and o.
9
Let r = -632 + 708. Calculate the highest common factor of 418 and r.
38
Let d be -9*(6/(-24))/(3/36). What is the greatest common divisor of d and 234?
9
Let r(x) = x**2 - 3*x - 1. Let n be r(3). Let z be 349 + (7 - (-4)/n). Let u = z + -192. What is the greatest common factor of u and 64?
32
Let p = -1922 + 1962. Calculate the highest common factor of p and 3320.
40
Let q(w) = w**2 - 20*w - 93. Let g be q(24). What is the highest common factor of g and 381?
3
Suppose -18*i - 292 = -3*v - 17*i, -2*v + 180 = 3*i. Calculate the highest common factor of 3 and v.
3
Let u(j) = 2*j**2 + 14*j - 1. Let g be u(-8). Let s be 478/g + 290/(-75) + 4. Calculate the greatest common factor of 80 and s.
16
Suppose o - 4 + 0 = 0. Suppose -4*x - o = -6*x. Suppose -x*l = -27 + 1. What is the greatest common factor of 104 and l?
13
Suppose 0 = 3*p + 222 - 36. Let l = p - -74. What is the greatest common factor of 12 and l?
12
Let m(l) = -2*l + 61. Let y be m(18). What is the greatest common factor of 115 and y?
5
Let s(b) = -b**3 - 10*b**2 + 8*b - 16. Let c be s(-12). Suppose -8*v + 119 + 9 = 0. Calculate the highest common factor of c and v.
16
Suppose 3 - 1 = -4*v + 2*w, 3*v = -3*w + 21. Suppose -v*i - 75 = 3*p - 239, 3*i = 3. Let c be 7*(0 - -1) - -2. What is the highest common factor of p and c?
9
Let p = -72 + 105. Calculate the highest common factor of p and 825.
33
Let n be ((10/(-4))/(-5))/((-21)/(-672)). Calculate the highest common divisor of 12 and n.
4
Let y(c) = c**3 + 22*c**2 - 45*c + 91. Let x be y(-24). What is the highest common factor of 2 and x?
1
Suppose -5*o = -4*n - 938, -o + 234 = -2*n + 50. What is the highest common factor of 665 and o?
95
Suppose -j = -2*o + 1237, -3*o + 1465 = 4*j - 418. Calculate the greatest common factor of 138 and o.
69
Let z(r) = -3*r**3 - r**2 + r + 178. Let g be z(0). Suppose 3*i - 66 = -2*x, 5*x + 2*i - g = i. What is the highest common divisor of 36 and x?
36
Suppose 619 = 5*p - 2*a, 7*p + 5*a - 640 = 2*p. Suppose -r + p + 73 = 0. What is the greatest common divisor of 18 and r?
18
Let u = 10 + 5. Suppose 20*h - 82 = 38. What is the greatest common divisor of u and h?
3
Let a(l) = 6*l**2 - 16*l + 38. Let q be a(5). What is the greatest common factor of q and 156?
12
Suppose 21 + 64 = 5*n. Calculate the greatest common factor of 3 and n.
1
Let r(w) = -16*w + 1. Let d be r(-4). Let j be ((-1)/3)/(3/18). Let z be (-20)/10*(0 - (-13)/j). What is the highest common divisor of d and z?
13
Let q = 470 - 410. Calculate the greatest common factor of 315 and q.
15
Suppose -3*p + 1112 = -q - 884, 2*q + 2 = 0. What is the greatest common divisor of 70 and p?
35
Suppose 23*n = 59*n - 36072. Calculate the highest common factor of n and 6.
6
Let h(b) = 6*b - 2. Let z be h(2). Suppose 0 = 4*q - 37 - 83. What is the greatest common divisor of z an